at is the remainder when x(3) is divided by w?
15
Let w(z) = z**2 + 3*z - 2. Let i be w(-4). Suppose i*s - 45 = 5*x, 3*x = -3*s + x + 115. What is the remainder when s is divided by 12?
11
Suppose 3*h + 0 = 9. Suppose -v - h = -a, -3*v - v - 5*a = -6. What is the remainder when v*(1 - 13 - -1) is divided by 6?
5
Suppose 0 = -3*c + 1 + 11, 6 = 3*v - 3*c. Calculate the remainder when (v - 9)/(3/(-10)) is divided by (-5)/(-2)*2 + 1.
4
Let z = 154 + -114. What is the remainder when 78 is divided by z?
38
Suppose 4*x - 5 = 2*w + 5, -3*x = 4*w - 2. Suppose -n + 2*l = -12 - 5, 3*n = x*l + 35. Calculate the remainder when 15 is divided by n.
6
Suppose 3*i - 4*i - 2 = 0. Calculate the remainder when 42 + (3 - 7 - i) is divided by 1*-21*(-2)/3.
12
Let s be 6/4*32/24. Let b(q) = 4*q**2 - 4*q + 2. What is the remainder when b(s) is divided by 4?
2
Let p be (2 - (3 - 1))/2. Let r = p + 3. Calculate the remainder when 0 - (0 - 48)/r is divided by 6.
4
Let h = 17 - 12. Suppose t - 13 = 2*d, 0 = h*d + 3*t + 27. What is the remainder when (-354)/(-4)*(-4)/d is divided by 15?
14
Let v(l) = -2 - 3*l + 2 + l**2. Let b be v(4). Suppose c - 3*c = 4*h - 230, 0 = b*h - 4*c - 248. Calculate the remainder when h is divided by 20.
19
Calculate the remainder when (62 + 3)*(-8)/(-20) is divided by 7.
5
Let z = -3 - -10. What is the remainder when z is divided by 6?
1
Calculate the remainder when 2/((-4)/(-6)) - -44 is divided by 16.
15
Suppose 3*t = 3 - 33. Calculate the remainder when 6 is divided by (-38)/t + (-7)/(-35).
2
Let y(f) = f**3 - 17*f**2 + 15*f + 21. Calculate the remainder when 18 is divided by y(16).
3
Let s = 17 - 12. Let k = 9 - s. Suppose -8*t + 56 = -k*t. What is the remainder when t is divided by 4?
2
Let w(t) = -t**3 + 8*t**2 - 8*t + 7. Let f be w(7). Suppose 4*d + f*d - 8 = 0. What is the remainder when 4 is divided by d?
0
Suppose -4*b = -4*c - 388, b + 3*c + 45 = 138. What is the remainder when b is divided by 28?
12
Let t = 92 + 18. Suppose 4*s - t = -18. Calculate the remainder when s is divided by 13.
10
Suppose 2*x = 4*x. Let w = 5 + x. What is the remainder when 1/(-2)*(-14 - 2) is divided by w?
3
Suppose -5*x = -15, -f + x = -4*x - 92. Calculate the remainder when f is divided by 18.
17
Let j(x) = x**2 - 7*x - 5. Let f be j(8). Suppose 0 = 4*d - 3*w - 15, 0 = 3*d + 2*w - 4 - f. Calculate the remainder when d is divided by 1*-1 + 9/3.
1
Let v = -24 + 33. What is the remainder when 44 is divided by v?
8
Let z = -26 - -44. Suppose -3*y + 9 + z = 0. Let t = -86 + 119. Calculate the remainder when t is divided by y.
6
Let c(a) = -a**2 + 5*a - 3. Let h be c(3). Suppose -h*j + 12 + 3 = 0. Suppose -g + 10 = -j. What is the remainder when 27 is divided by g?
12
Let c = 4 + -4. Let n = c + 2. Suppose 2*s - 76 = -n*s. What is the remainder when s is divided by 10?
9
Let i(y) = 5 + 1 + 4 + y. Let h be i(-7). Suppose h*z + 15 = 4*z. What is the remainder when 44 is divided by z?
14
Suppose -3*c + 47 = 2. Calculate the remainder when c is divided by 8.
7
Suppose -2*u + 8 = -0*u. What is the remainder when 3568/144 + u/18 is divided by 14?
11
Let f(w) = -4*w - 6. Let n be f(-3). Let d(j) = 3*j + 4. Calculate the remainder when d(n) is divided by 8.
6
Let p = -10 - -19. Let t = 38 - 5. Suppose 4*l - t = -13. What is the remainder when p is divided by l?
4
Let d = -52 + 37. Let b = d + 32. Suppose 0 = -9*m + 64 + 224. What is the remainder when m is divided by b?
15
Let r(h) = 5*h**2 + h + 3. Calculate the remainder when r(-2) is divided by 6.
3
Let g = 2 + 0. Let q = 2 + g. Let w = -259 + 272. What is the remainder when w is divided by q?
1
Suppose 0 = r - 5 - 56. What is the remainder when r is divided by 309/10 - 14/(-140)?
30
Let c(u) = u**2 - 5*u + 2. Suppose 0 = -2*d + 2, -1 = j - 3*d + 7. Calculate the remainder when c(6) is divided by (-4)/10 + (-17)/j.
2
What is the remainder when 49 is divided by ((-52)/6)/((-2)/3)?
10
Suppose 5*v - 3*v = -38. Let s = v + 33. What is the remainder when s is divided by 8?
6
Calculate the remainder when 14 is divided by (-155)/(-20) + (-1)/(-4).
6
Suppose 0 = v + 5, -k + v + 17 = 0. Calculate the remainder when 45 is divided by k.
9
Let t = 100 + -88. Calculate the remainder when 17 is divided by t.
5
Let l(y) = y**2 - y - 1. Let j(u) be the second derivative of 2*u**3 + u**2/2 + u. What is the remainder when j(1) is divided by l(-2)?
3
Suppose -2 = -2*u + 8. Let x(m) = -4*m + 1. What is the remainder when x(-2) is divided by u?
4
Suppose 5*f - 3*f = 3*m + 3, -5*m + 14 = 3*f. Let d(p) = p**2 + 5*p + 4. Let b be d(-5). Calculate the remainder when m is divided by (b - 2) + 1/(-1).
0
Suppose 5*t + 4*k = 177, k - 2*k + 72 = 2*t. What is the remainder when t is divided by 19?
18
Let q = -466 - -477. Suppose 4*u - 52 = 28. Calculate the remainder when u is divided by q.
9
Let j = -17 - -30. What is the remainder when 48 is divided by j?
9
Let r(b) be the second derivative of b**3/6 - b**2 + 2*b. Let u(m) = 3*m - 4. Let f be u(4). Calculate the remainder when 17 is divided by r(f).
5
Let x(j) = 2*j**2 - 2*j + 2. Let v be x(3). Let r(w) = 1 - w - v*w - w. What is the remainder when r(-1) is divided by 9?
8
Suppose -2*w - w + 825 = 0. Suppose 0 = -d - 4*d + w. What is the remainder when d is divided by 19?
17
Suppose -2*p = -3*l - 133, -2*p - 2*l = -p - 49. Suppose 4*m = 3*t - 7, 4*m = -3*t + p - 12. Let n = 20 + t. Calculate the remainder when n is divided by 10.
9
Let r(l) = l**3 + 2*l**2 + 3*l - 1 + 0*l**2 + 4*l**2. Let b be r(-4). Let n = 33 - b. What is the remainder when 39 is divided by n?
11
Suppose 6 = -y + 18. Suppose -5*l = -2*s - 141, 0 = -3*l - 7*s + 2*s + 97. Suppose l + 86 = 5*x. Calculate the remainder when x is divided by y.
11
Suppose 2*q + 14 - 52 = 0. Let u = q - 10. What is the remainder when 291/9 - (-6)/u is divided by 12?
9
Suppose -5*l - 3*z = -6 - 253, l - 53 = -z. Suppose -q = q - 34. Calculate the remainder when l is divided by q.
16
Suppose -6 = 3*z + 6. Let p(m) = -m**2 - 7*m - 6. What is the remainder when p(z) is divided by 4?
2
Let v(p) = -p**3 + 9*p**2 - 8*p + 13. What is the remainder when 115 is divided by v(8)?
11
Let j = 2 + -2. Suppose -3*u - 9 = -j. Calculate the remainder when 52 is divided by (1 + u + 3)*18.
16
Suppose -2*w + 5 = 1. What is the remainder when 51 is divided by w/((-5)/(65/(-2)))?
12
Let c(s) = -s + 20. Calculate the remainder when c(14) is divided by 2.
0
Let x(k) = k + 11. Let d(l) = l - 2. Let g be d(-3). Let r be g*(-2 + 3/1). What is the remainder when x(r) is divided by 4?
2
What is the remainder when -4 - 284/((-4)/1) is divided by 23?
21
Suppose -2*u = -6, -2*d + 3*u - 101 = -4*d. Let m = -21 + d. What is the remainder when m is divided by (-3)/(-2)*(-78)/(-9)?
12
Let n(z) = -2*z**3 + z**2 + 3*z + 2. Suppose 0 = 4*q + 18 - 6. Calculate the remainder when n(q) is divided by (-20 + 1)/(-1 + 0).
18
Calculate the remainder when (-7)/14*(-78)/1 is divided by 10.
9
Suppose 4*i - 10 = -y + 30, 2*i = 5*y - 178. Calculate the remainder when 178 is divided by y.
34
Let t = -16 + 3. Let m = -5 - t. Calculate the remainder when m is divided by 3.
2
Let l(m) = -m - 5. Let s be l(-15). Let p(d) = 5*d**2 + 2*d - 2. Calculate the remainder when 644/s - (-10)/(-25) is divided by p(2).
20
Let m(i) = -i + 2. Let x be m(0). Suppose 13 = x*q - q. Suppose -24 = -2*s + s. What is the remainder when s is divided by q?
11
Let x = 198 + -109. Calculate the remainder when x is divided by 13.
11
Let r = -24 - -26. Let n = 0 + 1. What is the remainder when r is divided by n?
0
Let j = 8 + -5. Suppose 0 = q - 7*t + 2*t - 10, -2*q + 20 = 4*t. What is the remainder when q is divided by j?
1
Let c be (24/(-10))/(6/(-860)). Suppose 0 = -0*f + 4*f - c. Suppose -4*j + 58 = 3*h, 0 = 5*j - 3*h - f. Calculate the remainder when j is divided by 6.
4
What is the remainder when (0 + 1)/((-7)/(-112)) is divided by 5?
1
Suppose 2*f + 1 + 3 = 0, p + 4*f - 61 = 0. Calculate the remainder when p is divided by 18.
15
Let s = 124 + -122. What is the remainder when 2 is divided by s?
0
Suppose 2*c + 56 = 6*c. Calculate the remainder when 67 is divided by c.
11
Let m(l) = -26*l + 4. Let g be m(-4). Suppose 0*f + g = 3*f. Let h(k) = -k**3 - 9*k**2 - 2*k + 1. Calculate the remainder when f is divided by h(-9)